d be (y + -3 + -1)*-1. Let v(o) be the third derivative of -o**4/24 + o**3/6 + 2*o**2. Give v(d).
1
Let d(u) = -u**2 + 8*u + 6. Let g be d(8). Let k(r) = r**2 - 6*r + 3. Let p be k(g). Let n(v) = 4 - 3*v**2 - 10*v**3 + 9*v**3 + v + p*v. Calculate n(-3).
-8
Let o(c) be the first derivative of -c**3 + c**2 - 2*c + 2. Calculate o(2).
-10
Let i(y) = -7*y + 1. Let d(o) = 7*o - 1. Let c(l) = -3*d(l) - 4*i(l). Calculate c(1).
6
Let t(p) = p. Suppose -4*a + 4 = -0*a. Let g = 7 - a. What is t(g)?
6
Let o(z) = 11*z**2 - z - 3. Let v(d) = -1. Let f(b) = o(b) - 3*v(b). Suppose -34*h + 32*h + 2 = 0. What is f(h)?
10
Let p(j) = j + 2. Let i(a) = -5*a - 9. Let h(o) = -2*i(o) - 11*p(o). What is h(-6)?
2
Let v(l) = -l**3 - 3*l**2. Let q(s) = s + 3. Let d be q(-6). Determine v(d).
0
Let r(g) = -2*g**2 + 2*g + 5. Let p(b) = 5*b**2 - 4*b - 11. Let q(m) = -4*p(m) - 9*r(m). What is q(-1)?
-1
Let k be (6/5)/((-1)/5). Let s(d) = d**2 + 7*d + 5. Determine s(k).
-1
Let d(k) = -k**3 + 3*k**2 + 2*k - 2. Let y be d(3). Let c = 1 - y. Let p(s) be the second derivative of -s**4/6 - 2*s**3/3 - 3*s**2/2 - 3*s. Calculate p(c).
-9
Let l(r) = -r**3 - 4*r**2 + 2. Let t(c) = -c**3 - 5*c**2 + 6*c + 6. Let v be t(-5). Let w = 20 + v. Calculate l(w).
2
Let x(t) be the second derivative of t**5/30 - t**4/8 - t**3/2 - 3*t**2/2 - 2*t. Let g(m) be the first derivative of x(m). Let q = 9 + -6. Determine g(q).
6
Let z(u) = -u**2 - 3*u + 4. Let t be z(-5). Let a(r) = -r**2 - r - 1. Let o(y) = -3*y**2 + 2*y. Let m(j) = -4*a(j) + o(j). Give m(t).
4
Let k(y) = -2*y - 4. Let n = 11 - 15. Give k(n).
4
Let l(t) be the third derivative of -t**5/60 - t**4/24 - t**3/2 - t**2. Let v(p) be the first derivative of l(p). Determine v(2).
-5
Let c(s) = s + 7. Let m = -8 - -8. Suppose -15 = -3*a - m. Give c(a).
12
Let i = -6 - -9. Let t = 5 - i. Let u(o) = 9*o - 5. Let j(r) = -10*r + 6. Let g(s) = 4*j(s) + 5*u(s). Determine g(t).
9
Suppose 0 = 2*t + 2*t. Suppose -3*k = 2*k - 15. Let o = k - t. Let y(a) = -a**3 + 2*a**2 + a. Calculate y(o).
-6
Let s be ((-16)/(-20))/(4/30). Let h(v) = -5*v**2 - 13*v + 4. Let a(x) = 9*x**2 + 25*x - 8. Let c(u) = -6*a(u) - 11*h(u). What is c(s)?
-2
Let p(d) = -1. Let s(u) = 3*u + 3. Let j(b) = 2*p(b) + s(b). Suppose 0 = 2*v - 3*x + 14 + 7, 4*v + 5*x = 13. Determine j(v).
-8
Suppose -6*v - 4 = -2*v. Let c(x) = x - 3 + 4 + 11*x**2 + 0. What is c(v)?
11
Let i(w) be the second derivative of 2*w + 1/6*w**3 + w**2 + 0. Let h be (1 + -1)*(-2)/4. Calculate i(h).
2
Let c(t) be the third derivative of -t**6/120 + t**5/15 - t**4/24 + 2*t**3/3 + 8*t**2. Let x be (-2)/5 + 66/15. Calculate c(x).
0
Let m(t) = 9*t**3 + 2 - 12*t**3 - 1 + 4*t**2 - 3*t. Determine m(2).
-13
Let y(v) be the first derivative of -v**2/2 - 10*v + 3. Let n be y(-10). Let u(j) = j + 1. Let w(c) = 5*c + 8. Let a(i) = 4*u(i) - w(i). Give a(n).
-4
Let j(t) = 0*t + 2*t - 8*t**3 - t**2 + 1 - 2. Calculate j(1).
-8
Let o(m) = 23 - 12 + 2*m - 11. Determine o(-1).
-2
Let y(m) = -35 + 19 - m + m**2 + 11. Let n be 16/6*9/6. What is y(n)?
7
Suppose 5*s - 2 = 6*s, 5*j - 72 = s. Suppose 0 = -5*o - j - 1. Let y(g) = -3*g - 3. Calculate y(o).
6
Let n(t) = -t**2 - t - 7. Let z be (-54)/(-10) + (-2)/5. Let m(c) = 2*c - 7. Let p be m(z). Let b = -3 + p. Determine n(b).
-7
Let o(z) = -z**2 - 5*z + 6. Let c be o(-6). Let n(g) = -1 - 3*g + c*g - g. Suppose 0*l + 3*l = -3. Calculate n(l).
3
Let p(h) = -h**2 + 5*h + 4. Let a be (-3)/2*(1 - 3). Suppose 0 = 3*i - a*r - 3, -4*i + 3 = r - 11. Determine p(i).
10
Let c(s) be the first derivative of -s**2/2 + s - 1. Let f = 10 + -17. Let u = f + 6. Determine c(u).
2
Let r(u) be the first derivative of -u - 2 - u - 2*u**2 + 0. Let t = -18 + 16. What is r(t)?
6
Let w(f) be the second derivative of f**3/3 - f**2/2 + 9*f. What is w(2)?
3
Let j(n) = -7*n**2. Let v(s) = s - 4. Suppose -r - 20 = -5*r. Let y be v(r). Give j(y).
-7
Let r = 76 - 54. Suppose -2*y + y + 5*k = -r, 4*y - k = -7. Let p(o) = o**2 + 2*o - 2. Let a(d) = 1. Let g(b) = 2*a(b) + p(b). Calculate g(y).
3
Let r be (3 - 0) + -4 + 2. Let u(g) = 6*g - g - g**2 - 5 + r + 3*g. Determine u(7).
3
Let a = 2 - -1. Suppose a*n = -2*o - 2*o + 21, -3*n + o + 6 = 0. Let t(c) = -6*c**2 + 4*c**n + 0*c**2 - 3*c**3 - 5*c + 1 + 2*c**2. Determine t(5).
1
Let b(y) = y**2 + y. Let g(k) = -5*k**2 - 10*k - 8. Let r(v) = -6*b(v) - g(v). Give r(6).
-4
Let f(b) be the first derivative of -b**2 + 2*b + 3. Let k be (-60)/(-14) - (-6)/(-21). Let t be (k/(-6))/((-1)/(-3)). Calculate f(t).
6
Let w = 0 - 0. Let m be -6 - (w - -2 - 4). Let r(c) = 4 + 7*c + 2 - 3*c**2 - 2*c**3 + c**3. What is r(m)?
-6
Suppose -5*g = 2 + 3. Let m(z) = 2*z**3 - z**2 + 3*z + 5. Let b(t) = t**3 + t + 1. Let v(o) = g*m(o) + 3*b(o). Let a be (-10)/35 - (-6)/21. Determine v(a).
-2
Let h(w) = w**2 + w - 1. Let g(k) = -11*k**2 + 3*k - 2. Let p(r) = -g(r) + 3*h(r). Calculate p(1).
13
Let z(h) be the third derivative of -h**4/12 - h**3/3 - 3*h**2. Calculate z(2).
-6
Let h(s) = s. Let y = 6 - 6. Suppose y + 4 = 4*u. Give h(u).
1
Let r(n) = -1 - 16*n + 14*n - 7. Determine r(-7).
6
Let o(y) = -1. Let c(u) = -2*u**2 - 4*u + 15. Let b(h) = -c(h) - 6*o(h). Let q(n) be the first derivative of b(n). What is q(-4)?
-12
Let y(r) = 9*r. Let m(v) = -44*v. Let j(t) = -6*m(t) - 28*y(t). Give j(-1).
-12
Let n(u) = -6*u + 4. Let m(l) = -17*l + 11. Let q(g) = 4*m(g) - 11*n(g). Determine q(2).
-4
Suppose 0*b - 2*f = 5*b + 68, 3*b + 28 = 2*f. Let p = b - -17. Let v(u) = -54*u - 63*u + 116*u - 2. Calculate v(p).
-7
Let u(p) be the second derivative of -7*p**4/12 - p**3/3 + p**2/2 - p. Suppose -6 = -3*i + m, -5*i - 4*m = -i + 8. What is u(i)?
-8
Let s = -4 - 1. Let y(r) = -r + 0 - 10*r + 10*r - 5. What is y(s)?
0
Let g(t) be the third derivative of -1/120*t**6 - 1/20*t**5 + 0 + 3*t**2 + 2/3*t**3 + 1/4*t**4 + 0*t. Suppose -2*i - 2 = 6. What is g(i)?
-4
Suppose -12 = -4*n, 5*d = 2*n - 14 - 2. Let w = -17 - -24. Let s = w + d. Let g(y) = -y**2 + 7*y - 6. What is g(s)?
4
Suppose 0 = 4*p - p. Let n(v) = -2*v - 2 + p*v + 6*v. Give n(2).
6
Let n(c) = -c**2 - 7*c + 7. Let v be n(-8). Let f(z) = -7*z - 1. Give f(v).
6
Let u(v) = 6*v - 10. Let t be (1 - -2)*(0 - 1). Let g(y) = -3*y + 5. Let x(r) = t*u(r) - 5*g(r). What is x(4)?
-7
Suppose -10 - 5 = -5*g - 2*f, 0 = 4*f. Suppose -q - 6 = 3*m + 3*q, q = -g. Let l(k) = -k**m + 0*k**2 + 7*k - 3 - k. Calculate l(4).
5
Let r(s) = 8*s**2 - 1. Let t = 10 - 9. Determine r(t).
7
Let d(c) = -24*c + 26*c + 1 - 7. Calculate d(4).
2
Let o(d) = -d - 6. Let t(j) = -1. Let h(v) = o(v) - 2*t(v). What is h(-4)?
0
Let u(x) = -x + 66*x**3 + 67*x**3 + 4*x**2 - 134*x**3 + 2. Determine u(4).
-2
Let k(b) = 15*b**2. Suppose -2 = 4*f - 2*c, -2*f + 2 = 2*c + 6. Determine k(f).
15
Let c(a) be the first derivative of a**2/2 - 12. Determine c(-4).
-4
Let k(q) be the first derivative of q**4/4 + 2*q**3/3 + q**2 + q + 1. Suppose 0 = 4*b - b - 12. Suppose 0 = -2*n + 3*h - 2, 2*n = 4*h + b - 6. Calculate k(n).
0
Let k = 6 + -4. Let q(b) be the first derivative of -b + 0*b + 1 - 2*b**k + 3*b**2. Calculate q(2).
3
Let g(f) = 3*f + 3. Let c be (-2)/(-4)*(-4)/2. Let s be (-1)/(-1)*(-2 + c). Determine g(s).
-6
Let x(k) be the first derivative of -7*k**4/4 + k**3/3 + 12. Determine x(1).
-6
Let g(x) = -2*x**3 + 8*x**2 - 8*x - 2. Let w(c) = c**2 + 3*c**2 - 4*c - 3*c**2 - c**3 + 3*c**2 - 1. Let t(r) = 6*g(r) - 13*w(r). Give t(3).
4
Let j(z) = -z - 5. Let i(u) = 3*u + 9. Let r(h) = -4*i(h) - 7*j(h). Suppose m + 3*y = 6*m + 2, -4*m = -5*y + 12. Let b be 0 + (1 - m) + 0. Calculate r(b).
4
Let r(i) be the third derivative of i**5/60 + i**4/6 - i**3/6 + i**2. Let a be 14/(-3) + 1/(-3). Determine r(a).
4
Let o(i) = i. Let k(l) = l + 1. Let w(q) = k(q) - 2*o(q). Let u be 0*(0 - 1/(-2)). What is w(u)?
1
Suppose -1 + 4 = 5*d + 3*h, 3*h = d - 15. Let q = -2 + 4. Let r(v) = -q*v**2 + 3*v**2 + 4 - 2*v**2. Calculate r(d).
-5
Let d(s) = -s + 1. Let g be d(-3). Let b(z) be the third derivative of -z**5/60 + z**4/4 - 2*z**3/3 + 5*z**2. Give b(g).
4
Suppose -13 - 9 = 2*x. Let z(g) = -16*g**2 + 5*g + 26. Let r(w) = -3*w**2 + w + 5. Let l(d) = x*r(d) + 2*z(d). Determine l(4).
9
Let d(i) = -2*i + 6. Let v(y) be the second derivative of y**3/6 - 5*y**2/2 - 2*y. Let g(p) = 6*d(p) + 7*v(p). What is g(2)?
-9
Let t(s) = s**2 - 2*s - 2. Suppose